 5773897 and 1564.
391
What is the greatest common factor of 1328 and 97214663?
83
Calculate the highest common factor of 807500 and 675.
25
What is the greatest common factor of 3 and 47609334?
3
What is the highest common divisor of 420 and 36963990?
210
What is the highest common factor of 28221 and 25692153?
1227
Calculate the greatest common divisor of 8932 and 143558758.
406
Calculate the highest common divisor of 256 and 160708992.
128
What is the greatest common factor of 17998350 and 541806?
7422
What is the greatest common divisor of 25161870 and 1870?
170
What is the highest common factor of 712407 and 35697?
219
What is the greatest common divisor of 14240190 and 2775?
555
What is the highest common factor of 3573900 and 4560?
1140
Calculate the greatest common factor of 1220141 and 34.
17
Calculate the highest common factor of 869670 and 20250.
270
Calculate the greatest common divisor of 525 and 8006325.
75
What is the highest common divisor of 2681 and 142168834?
383
Calculate the greatest common factor of 3104850 and 21175.
175
What is the highest common divisor of 189003 and 396831?
753
Calculate the greatest common divisor of 8925 and 7119.
21
What is the greatest common factor of 17167296 and 64?
64
Calculate the greatest common divisor of 40 and 3764270.
10
Calculate the highest common divisor of 10108 and 169708.
532
What is the highest common divisor of 654981034 and 4636?
2318
What is the greatest common factor of 2812480 and 1185580?
3740
Calculate the greatest common divisor of 3580002 and 94518.
1062
Calculate the highest common divisor of 52608 and 2264448.
384
What is the highest common divisor of 117024 and 463808?
32
Calculate the greatest common divisor of 102030277 and 1173.
391
Calculate the greatest common divisor of 74412 and 101712.
156
What is the highest common divisor of 406782 and 342?
18
What is the highest common factor of 22 and 16390385?
11
What is the highest common factor of 42 and 127659826?
14
What is the highest common factor of 85086 and 1026774?
522
Calculate the greatest common divisor of 323609320 and 40.
40
What is the highest common divisor of 2464 and 37095632?
112
Calculate the highest common divisor of 1469250 and 369.
9
Calculate the greatest common divisor of 340125 and 120.
15
Calculate the greatest common divisor of 206613269 and 188.
47
Calculate the highest common factor of 26 and 21800688.
26
What is the greatest common divisor of 14 and 54113962?
14
What is the highest common divisor of 416248631 and 10767?
3589
Calculate the highest common divisor of 222464 and 4131226.
1738
Calculate the greatest common factor of 2736000 and 1609920.
2880
What is the highest common factor of 627219 and 2331?
9
Calculate the greatest common factor of 183209 and 25415.
221
What is the highest common divisor of 121 and 38613157?
121
Calculate the highest common divisor of 9167340 and 273.
273
Calculate the highest common divisor of 113601247 and 233.
233
Calculate the highest common factor of 371224 and 67788.
28
What is the highest common divisor of 15470 and 20566?
182
What is the highest common divisor of 285752 and 1384?
8
What is the highest common factor of 20836768 and 7353?
817
What is the highest common divisor of 790 and 36834145?
395
What is the highest common factor of 532 and 8350804?
532
What is the greatest common divisor of 2733 and 912436647?
2733
Calculate the highest common divisor of 24659094 and 21606.
1662
What is the highest common divisor of 18595 and 142813319?
3719
What is the highest common factor of 1872 and 668963776?
208
Calculate the highest common factor of 50176 and 17456.
16
What is the highest common factor of 1677 and 1329263?
13
Calculate the greatest common factor of 9775 and 429760.
85
Calculate the highest common divisor of 126289 and 2350.
47
Calculate the greatest common factor of 111 and 16682277.
3
What is the highest common factor of 38811156 and 60?
12
What is the greatest common divisor of 58646 and 124726?
826
Calculate the highest common factor of 5058 and 640961.
281
What is the highest common factor of 1028966 and 7218?
802
Calculate the greatest common factor of 464 and 5924671.
29
What is the highest common factor of 46563 and 1136025?
561
Calculate the greatest common factor of 732 and 22754098.
122
What is the highest common divisor of 310954 and 441047?
3173
Calculate the highest common factor of 2 and 17058672.
2
What is the greatest common factor of 260268 and 290403?
123
What is the greatest common factor of 9046380 and 7245?
105
What is the highest common divisor of 8 and 2516582?
2
What is the greatest common divisor of 24632643 and 202419?
2499
What is the greatest common factor of 436 and 8554538?
218
What is the greatest common factor of 3928288 and 14910?
994
What is the greatest common factor of 16274508 and 272?
68
What is the highest common factor of 90 and 463891500?
90
Calculate the highest common factor of 120 and 97301112.
24
What is the greatest common factor of 614519 and 113146?
139
Calculate the greatest common divisor of 81 and 30409920.
9
What is the greatest common factor of 11 and 1259351093?
11
What is the greatest common divisor of 1078 and 3806222?
98
What is the highest common factor of 14 and 2279522?
14
What is the highest common factor of 26531 and 2224902?
617
Calculate the highest common factor of 34242931 and 141.
47
What is the highest common divisor of 1350 and 1207950?
150
What is the greatest common divisor of 6616 and 11886471?
827
Calculate the highest common divisor of 212 and 10624963.
53
What is the highest common factor of 16970344 and 1552?
776
Calculate the highest common factor of 34 and 32229518.
34
What is the highest common divisor of 1194732 and 50022?
126
What is the highest common divisor of 8478 and 200703933?
4239
Calculate the highest common factor of 492703772 and 1210.
242
Calculate the highest common factor of 63702752 and 622.
622
What is the greatest common divisor of 5920 and 1291040?
160
What is the greatest common divisor of 1616 and 15735497?
101
Calculate the greatest common divisor of 1064127 and 2491.
47
What is the highest common divisor of 9024 and 801256?
376
Calculate the greatest common divisor of 1634757 and 75.
3
What is the highest common factor of 13548795 and 273?
39
What is the highest common factor of 24605640 and 810?
270
What is the highest common factor of 295329606 and 572?
286
What is the highest common factor of 11476396 and 1529?
139
What is the greatest common divisor of 68383209 and 69?
69
What is the greatest common factor of 10728 and 58880?
8
Calculate the greatest common factor of 230858090 and 5370.
1790
What is the highest common factor of 640224 and 10845276?
2964
What is the greatest common factor of 198 and 38532519?
9
What is the greatest common divisor of 1568 and 685412?
196
What is the highest common divisor of 33 and 1115157?
3
Calculate the highest common factor of 24864 and 256941024.
3552
What is the highest common divisor of 1305 and 43696620?
1305
Calculate the highest common divisor of 187 and 131890709.
17
Calculate the highest common factor of 1450558 and 266294.
1654
Calculate the greatest common divisor of 1821369 and 14225.
569
What is the highest common factor of 5278928 and 64?
16
What is the greatest common divisor of 32 and 7941436?
4
What is the greatest common divisor of 69310 and 9042490?
290
What is the highest common divisor of 119765 and 2465?
85
What is the highest common divisor of 348916702 and 1166?
106
What is the highest common factor of 2709 and 223772?
43
What is the greatest common divisor of 221676 and 249600?
156
What is the highest common factor of 46666748 and 556?
556
What is the highest common factor of 756780 and 480?
60
Calculate the highest common divisor of 867 and 297671156.
289
Calculate the highest common divisor of 1070241 and 41349.
537
Calculate the highest common factor of 411 and 1026990771.
411
What is the greatest common divisor of 347877614 and 14?
14
Calculate the highest common factor of 99904160 and 160.
160
What is the greatest common divisor of 1582 and 260302280?
1582
Calculate the greatest common divisor of 3888 and 8171928.
648
What is the greatest common divisor of 48 and 1495